 when 11743565 is divided by 41?
17
What is the remainder when 482738 is divided by 5613?
20
Calculate the remainder when 8450535 is divided by 980.
975
Calculate the remainder when 49649025 is divided by 26.
23
Calculate the remainder when 2669117 is divided by 667265.
57
What is the remainder when 67401 is divided by 16846?
17
What is the remainder when 194565 is divided by 8575?
5915
Calculate the remainder when 9238289 is divided by 97245.
14
What is the remainder when 6812 is divided by 1563?
560
Calculate the remainder when 482347 is divided by 53440.
1387
What is the remainder when 281693 is divided by 140843?
7
What is the remainder when 1268980 is divided by 317226?
76
Calculate the remainder when 424367 is divided by 12467.
489
Calculate the remainder when 10891 is divided by 738.
559
What is the remainder when 3969099 is divided by 1150?
449
Calculate the remainder when 3012742 is divided by 318.
10
Calculate the remainder when 2194907 is divided by 1098.
5
What is the remainder when 4639310 is divided by 304?
270
What is the remainder when 1086918 is divided by 217383?
3
What is the remainder when 1116276 is divided by 2537?
2533
Calculate the remainder when 17689256 is divided by 248.
160
What is the remainder when 214859142 is divided by 2455?
2452
What is the remainder when 22296 is divided by 2030?
1996
What is the remainder when 188046762 is divided by 267?
264
What is the remainder when 2019839 is divided by 488?
7
Calculate the remainder when 1119760528 is divided by 35.
33
Calculate the remainder when 1876901 is divided by 33516.
5
What is the remainder when 374778 is divided by 185?
153
What is the remainder when 859471 is divided by 34?
19
What is the remainder when 393184 is divided by 24573?
16
Calculate the remainder when 8942947 is divided by 662.
651
What is the remainder when 270125 is divided by 1067?
174
What is the remainder when 82588 is divided by 12889?
5254
Calculate the remainder when 253214075 is divided by 280.
275
Calculate the remainder when 128250 is divided by 4130.
220
What is the remainder when 17958 is divided by 3501?
453
What is the remainder when 1333060 is divided by 8079?
25
What is the remainder when 171224 is divided by 82774?
5676
What is the remainder when 112201 is divided by 1031?
853
Calculate the remainder when 21969484 is divided by 126.
124
What is the remainder when 3948696 is divided by 87748?
36
What is the remainder when 1500 is divided by 1209?
291
What is the remainder when 784189 is divided by 71289?
10
Calculate the remainder when 3195195 is divided by 1600.
1595
What is the remainder when 11220984 is divided by 79021?
2
Calculate the remainder when 1211514 is divided by 4642.
4594
What is the remainder when 44750358 is divided by 302?
300
What is the remainder when 3679728 is divided by 404?
96
What is the remainder when 83578 is divided by 1288?
1146
What is the remainder when 3105290 is divided by 10?
0
What is the remainder when 167609 is divided by 5079?
2
Calculate the remainder when 7433771 is divided by 405.
401
Calculate the remainder when 3128 is divided by 2390.
738
What is the remainder when 836927 is divided by 1740?
1727
Calculate the remainder when 46671 is divided by 992.
47
What is the remainder when 23312786 is divided by 42005?
11
Calculate the remainder when 279175 is divided by 9106.
5995
What is the remainder when 3336206 is divided by 3336200?
6
Calculate the remainder when 57266593 is divided by 10414.
7
Calculate the remainder when 174027047 is divided by 25.
22
What is the remainder when 379476 is divided by 584?
460
Calculate the remainder when 9877841 is divided by 150.
41
Calculate the remainder when 1635577 is divided by 7978.
87
Calculate the remainder when 2958356 is divided by 3456.
20
Calculate the remainder when 60547 is divided by 20171.
34
Calculate the remainder when 302030 is divided by 30.
20
What is the remainder when 63096 is divided by 33?
0
What is the remainder when 4450 is divided by 405?
400
Calculate the remainder when 944595 is divided by 229.
199
What is the remainder when 22694016 is divided by 3566?
3558
What is the remainder when 626263198 is divided by 1800?
1798
Calculate the remainder when 7406298 is divided by 6801.
9
Calculate the remainder when 132591 is divided by 4632.
2895
What is the remainder when 1070945467 is divided by 57?
55
Calculate the remainder when 1457 is divided by 197.
78
Calculate the remainder when 29482 is divided by 2103.
40
What is the remainder when 18675502 is divided by 202?
198
Calculate the remainder when 1623727 is divided by 13201.
4
What is the remainder when 100827049 is divided by 68311?
13
Calculate the remainder when 2787181 is divided by 5319.
25
Calculate the remainder when 444808 is divided by 55591.
80
Calculate the remainder when 2821940 is divided by 29092.
16
Calculate the remainder when 96209773 is divided by 243.
241
Calculate the remainder when 43920 is divided by 43905.
15
Calculate the remainder when 214781 is divided by 12631.
54
What is the remainder when 5796270 is divided by 1932089?
3
Calculate the remainder when 11598422 is divided by 1175.
1172
What is the remainder when 342220 is divided by 4177?
3883
What is the remainder when 48040888 is divided by 24020364?
160
What is the remainder when 420696 is divided by 16186?
16046
Calculate the remainder when 309132 is divided by 52.
44
Calculate the remainder when 37047896 is divided by 15.
11
Calculate the remainder when 3325924 is divided by 144.
100
Calculate the remainder when 9569399 is divided by 1063265.
14
What is the remainder when 18195 is divided by 4440?
435
What is the remainder when 1121288552 is divided by 560644275?
2
Calculate the remainder when 90468 is divided by 6022.
138
Calculate the remainder when 1025015 is divided by 967.
962
What is the remainder when 139825305 is divided by 2892?
2889
What is the remainder when 270472060 is divided by 42?
40
What is the remainder when 85310711 is divided by 21?
17
What is the remainder when 21805357 is divided by 123894?
13
Calculate the remainder when 356075 is divided by 407.
357
Calculate the remainder when 12874 is divided by 1961.
1108
What is the remainder when 899690 is divided by 888?
146
Calculate the remainder when 664457 is divided by 11261.
58
What is the remainder when 26942 is divided by 550?
542
What is the remainder when 2291308 is divided by 381?
355
Calculate the remainder when 22096580 is divided by 6.
2
Calculate the remainder when 15495985 is divided by 22.
21
Calculate the remainder when 251384 is divided by 4650.
284
What is the remainder when 22837 is divided by 7080?
1597
What is the remainder when 5972951 is divided by 152?
111
What is the remainder when 40447 is divided by 11800?
5047
What is the remainder when 52886 is divided by 386?
4
What is the remainder when 313966 is divided by 151?
37
Calculate the remainder when 871360 is divided by 6455.
6390
What is the remainder when 12463 is divided by 12138?
325
Calculate the remainder when 49283909 is divided by 2053496.
5
What is the remainder when 15694 is divided by 86?
42
Calculate the remainder when 7558756 is divided by 31.
26
What is the remainder when 4387823 is divided by 336?
335
Calculate the remainder when 1125780 is divided by 562887.
6
Calculate the remainder when 229425 is divided by 76300.
525
What is the remainder when 6605080 is divided by 6?
4
Calculate the remainder when 852802 is divided by 2665.
2
Calculate the remainder when 1366077 is divided by 1646.
1543
Calculate the remainder when 1033013 is divided by 258247.
25
Calculate the remainder when 444682 is divided by 1682.
634
Calculate the remainder when 49443 is divided by 726.
75
Calculate the remainder when 668745 is divided by 41730.
1065
What is the remainder when 878216 is divided by 9?
5
Calculate the remainder when 48774 is divided by 6536.
3022
Calculate the remainder when 934406 is divided by 5874.
440
What is the remainder when 1916083 is divided by 30?
13
What is the remainder when 4309 is divided by 2163?
2146
Calculate the remainder when 1651566 is divided by 550512.
30
Calculate the remainder when 16248245 is divided by 826.
825
Calculate the remainder when 4118386 is divided by 25.
11
Calculat